ctor of 79750?
True
Is 11129594 a multiple of 119?
True
Is 10 a factor of 195464?
False
Is 1074 a multiple of 4?
False
Is 2306994 a multiple of 309?
True
Is 193 a factor of 87571?
False
Is 10011843 a multiple of 16?
False
Is 71 a factor of 8158894?
True
Does 79 divide 3227624?
True
Is 20295492 a multiple of 166?
True
Is 108214 a multiple of 416?
False
Is 29 a factor of 5100085?
True
Is 16 a factor of 1925289?
False
Is 2460201 a multiple of 522?
False
Does 526 divide 2524800?
True
Does 93 divide 668763?
True
Does 173 divide 129598?
False
Is 240456 a multiple of 344?
True
Is 35 a factor of 359212?
False
Is 338 a factor of 1042730?
True
Is 23953 a multiple of 2?
False
Is 1513462 a multiple of 86?
False
Does 28 divide 566037?
False
Does 17 divide 262361?
True
Is 1026032 a multiple of 8?
True
Is 105005 a multiple of 5?
True
Is 2983428 a multiple of 14?
True
Is 18 a factor of 8388?
True
Does 53 divide 122430?
True
Is 3 a factor of 1803897?
True
Does 198 divide 364780?
False
Is 5728900 a multiple of 11?
False
Does 236 divide 3296392?
False
Is 69 a factor of 19812?
False
Does 14 divide 13216?
True
Does 13 divide 843804?
True
Is 558830 a multiple of 47?
True
Does 2 divide 11961?
False
Is 5 a factor of 956550?
True
Is 847788 a multiple of 12?
True
Is 26 a factor of 632970?
True
Does 20 divide 1118300?
True
Is 210 a factor of 568260?
True
Is 16 a factor of 247076?
False
Is 330 a factor of 132417?
False
Does 14 divide 1251124?
True
Is 314343 a multiple of 11?
False
Does 13 divide 662909?
True
Does 18 divide 6923017?
False
Is 12 a factor of 830694?
False
Is 7 a factor of 3136?
True
Is 56658 a multiple of 61?
False
Does 8 divide 22665816?
True
Does 93 divide 298065?
True
Is 93 a factor of 920979?
True
Is 1399 a multiple of 11?
False
Does 15 divide 1286049?
False
Does 103 divide 279679?
False
Does 314 divide 53097?
False
Is 17793880 a multiple of 104?
True
Is 81 a factor of 18144?
True
Is 19 a factor of 9319042?
False
Is 1308636 a multiple of 18?
True
Does 4 divide 1979738?
False
Is 11 a factor of 390489?
True
Is 76 a factor of 28044?
True
Is 53 a factor of 3799305?
True
Is 9175348 a multiple of 14?
True
Is 16 a factor of 4699?
False
Does 4 divide 34764?
True
Is 7550 a multiple of 151?
True
Is 34 a factor of 2834206?
True
Is 326200 a multiple of 56?
True
Does 54 divide 2284276?
False
Does 6 divide 244902?
True
Is 1018257 a multiple of 139?
False
Does 28 divide 4791388?
True
Is 920236 a multiple of 187?
False
Is 63 a factor of 516349?
False
Does 54 divide 682668?
True
Does 644 divide 99276?
False
Is 308 a factor of 385924?
True
Is 96006 a multiple of 11?
False
Is 1233672 a multiple of 24?
True
Is 1136243 a multiple of 18?
False
Is 94911 a multiple of 17?
True
Is 13025023 a multiple of 158?
False
Is 888 a factor of 3495867?
False
Is 1712548 a multiple of 7?
False
Is 26 a factor of 1649296?
False
Does 255 divide 315597?
False
Does 188 divide 926348?
False
Is 10 a factor of 318890?
True
Is 1780092 a multiple of 18?
True
Does 15 divide 87206?
False
Is 278 a factor of 178198?
True
Is 2 a factor of 59146?
True
Is 52884 a multiple of 156?
True
Does 3 divide 1059164?
False
Does 150 divide 1570800?
True
Does 31 divide 5606939?
True
Is 1005 a factor of 17679960?
True
Is 228 a factor of 3461496?
True
Is 1128889 a multiple of 67?
False
Is 11690095 a multiple of 72?
False
Does 15 divide 4756275?
True
Does 6 divide 110509?
False
Is 37 a factor of 573907?
True
Does 16 divide 44933?
False
Is 6771622 a multiple of 17?
False
Does 1044 divide 13725?
False
Is 2478782 a multiple of 262?
True
Is 33 a factor of 8861?
False
Is 6795782 a multiple of 530?
False
Is 90 a factor of 4709160?
True
Does 20 divide 1075597?
False
Does 53 divide 9255686?
False
Is 9238162 a multiple of 24?
False
Does 33 divide 305252?
False
Is 2046612 a multiple of 683?
False
Is 109 a factor of 581188?
True
Is 260356 a multiple of 144?
False
Is 442 a factor of 3277872?
True
Does 97 divide 13890126?
False
Is 3280398 a multiple of 46?
True
Does 675 divide 12859425?
True
Does 13 divide 7362774?
False
Does 271 divide 4683639?
False
Does 33 divide 109701?
False
Is 31 a factor of 12989?
True
Is 952 a factor of 1106224?
True
Does 762 divide 4327054?
False
Is 73 a factor of 299296?
False
Is 676175 a multiple of 5?
True
Is 293232 a multiple of 82?
True
Is 125 a factor of 156375?
True
Does 425 divide 380375?
True
Is 304639 a multiple of 9?
False
Does 2 divide 203201?
False
Is 38404 a multiple of 4?
True
Is 343 a factor of 118936?
False
Is 15532220 a multiple of 17?
True
Is 2 a factor of 47?
False
Is 91 a factor of 940897?
False
Does 10 divide 163191?
False
Is 5 a factor of 5520?
True
Is 4987152 a multiple of 1015?
False
Is 58 a factor of 8997656?
True
Does 18 divide 1157040?
True
Is 29 a factor of 193662?
True
Is 456460 a multiple of 31?
False
Is 13 a factor of 2417831?
True
Is 17003525 a multiple of 55?
True
Is 6010618 a multiple of 182?
False
Is 4 a factor of 83794?
False
Is 540480 a multiple of 20?
True
Is 37 a factor of 165464?
True
Is 4503 a multiple of 2?
False
Is 26 a factor of 439730?
False
Is 1471528 a multiple of 439?
True
Is 32 a factor of 6690880?
True
Does 9 divide 10550?
False
Does 79 divide 7050483?
False
Is 11 a factor of 6401840?
False
Does 47 divide 2378218?
False
Does 307 divide 915781?
True
Is 44 a factor of 2267145?
False
Is 70682 a multiple of 25?
False
Is 998313 a multiple of 160?
False
Does 555 divide 16974?
False
Is 15 a factor of 205122?
False
Does 89 divide 331447?
False
Is 8840612 a multiple of 187?
True
Is 267 a factor of 710220?
True
Is 638 a factor of 229042?
True
Does 8 divide 286004?
False
Is 210894 a multiple of 12?
False
Is 205 a factor of 2914075?
True
Is 250 a factor of 290301?
False
Is 147726 a multiple of 58?
True
Does 1903 divide 1071389?
True
Is 189015 a multiple of 36?
False
Is 10 a factor of 10873165?
False
Is 44309 a multiple of 2?
False
Does 70 divide 116760?
True
Is 712662 a multiple of 82?
True
Is 3066146 a multiple of 146?
True
Does 3 divide 837156?
True
Does 542 divide 259076?
True
Is 24 a factor of 105504?
True
Is 606 a factor of 1048380?
True
Is 71120 a multiple of 7?
True
Does 20 divide 1208380?
True
Is 70372 a multiple of 73?
True
Is 11 a factor of 74580?
True
Is 99 a factor of 4742397?
True
Is 3460444 a multiple of 40?
False
Is 4 a factor of 412777?
False
Is 91910 a multiple of 182?
True
Does 310 divide 858080?
True
Does 288 divide 2107466?
False
Is 61 a factor of 3562361?
False
Does 19 divide 1783701?
True
Is 21239 a multiple of 317?
True
Is 8599 a multiple of 8?
False
Is 52266 a multiple of 427?
False
Does 46 divide 6551?
False
Is 135 a factor of 3983948?
False
Is 50 a factor of 107050?
True
Is 185 a factor of 530395?
True
Does 9 divide 1081341?
True
Does 354 divide 105138?
True
Is 8 a factor of 199730?
False
Does 6 divide 118788?
True
Is 261 a factor of 2132697?
False
Does 40 divide 4828760?
True
Is 201096 a multiple of 63?
True
Is 1690200 a multiple of 360?
True
Is 58 a factor of 357164?
True
Is 13 a factor of 4472784?
False
Does 635 divide 4368369?
False
Is 21 a factor of 261603?
False
Is 649 a factor of 1865159?
False
Is 1791738 a multiple of 842?
False
Does 17 divide 44311?
False
Does 128 divide 18755584?
True
Is 507364 a multiple of 26?
True
Is 3 a factor of 1323?
True
Is 16 a factor of 172912?
True
Is 31 a factor of 27489653?
True
Is 18 a factor of 629532?
True
Is 231 a factor of 744851?
False
Is 389158 a multiple of 22?
True
Is 18 a factor of 41724?
True
Does 307 divide 427893?
False
Does 179 divide 45287?
True
Is 89488 a multiple of 28?
True
Does 17 divide 601990?
False
Is 110264 a multiple of 8?
True
Is 43 a factor of 909407?
True
Does 62 divide 100936?
True
Is 21488 a multiple of 272?
True
Is 71352 a multiple of 36?
True
Does 4 divide 736953?
False
Does 127 divide 137769?
False
Does 301 divide 19534599?
True
Does 2 divide 414480?
True
Is 64 a factor of 197440?
True
Is 1617 a multiple of 6?
False
Is 7684 a multiple of 4?
True
Does 198 divide 1926936?
True
Is 7714265 a multiple of 807?
False
Is 3 a factor of 536844?
True
Is 115656 a multiple of 79?
True
Is 31029 a multiple of 3?
True
Does 138 divide 159114?
True
Is 823987 a multiple of 271?
False
Does 32 divide 4027360?
True
Is 76776 a multiple of 56?
True
Is 1078493 a multiple of 331?
False
Is 97765 a